 2*i + 5*v - 23 = 2*v, t = 3*v. Calculate z(i).
-2
Let s(b) be the second derivative of b**4/12 - 5*b**3/3 - 19*b**2/2 + 349*b. What is s(11)?
-8
Let t(c) = -4*c + 51. Let i(x) = 2*x - 27. Let v(s) = -5*i(s) - 2*t(s). Calculate v(14).
5
Let t(l) = 2*l**2 - 15*l + 64. Let b(m) = 2*m**2 - 11*m + 70. Let i(h) = -2*b(h) + 3*t(h). Give i(8).
-4
Let x(c) = 24*c**2. Let y(q) = q**2 - 2*q + 1. Let w(a) = 3*a**2 - 9*a - 11. Let h(k) = w(k) - 2*y(k). Let b be h(7). Determine x(b).
24
Let c(k) = k**3 - 60*k**2 + 6*k + 30. Let x(f) = -2*f**3 + 147*f**2 - 13*f - 62. Let v(m) = -5*c(m) - 2*x(m). Calculate v(7).
-103
Let w(h) = -4*h**2 + 7*h - 1. Let s = 13054 - 13049. What is w(s)?
-66
Let g = 88 - 86. Suppose -3 = -4*w + 5*j, -g*w + 0*j + 9 = 5*j. Let f(m) = -m**2 + m + 1. Let q(b) = 6*b**2 - 4*b - 5. Let d(a) = 4*f(a) + q(a). Determine d(w).
7
Suppose o = 3*h + 9, 4*o = o - 9. Let v be 4/5*(h - 1). Let y(w) = -4 + 13*w**3 - 29*w**3 + 6*w**2 + 4*w**3 + 3*w + 5*w**3 + 8*w**3. Calculate y(v).
16
Let t(j) = -j - 1. Suppose 20 = 5*n + 3*s, 0*s = s + 5. Suppose r + 224 = -n*r. Let l = -23 - r. Determine t(l).
-6
Let l(z) be the third derivative of z**6/60 + z**5/30 - z**4/12 - z**3/2 - z**2 - 587*z. What is l(3)?
63
Let n(u) = u**2 - 10*u - 6. Let h = -54 - -58. Suppose -s = 3*j - h, -4*j - 40 = -3*s + j. Calculate n(s).
-6
Suppose j - 80 = -2*g - 9*g, 4*j - 12 = 0. Let l(v) = -v**3 + 8*v**2 - 8*v + 17. Give l(g).
10
Let q(m) = 16*m + 30. Suppose -2*p + 935 = 10*p + 983. Determine q(p).
-34
Let w(a) = -4*a + 18. Let j(h) = h**3 - 30*h**2 - 30*h - 27. Let o be j(31). Suppose n - 11 = -2*l - 0*l, o*n - 30 = -l. What is w(n)?
-10
Let t = 596 - 593. Suppose 2*k + 0*v = t*v + 1, -5*k - v = 6. Let m(p) = 11*p**2 + 2*p + 1. Calculate m(k).
10
Let s be 133/(-14)*-2 + (-340)/20. Let y(w) = -9*w + 2 + 2*w + 2*w. Calculate y(s).
-8
Let n(i) = -i**3 + 6*i**2 - 7*i + 4. Let f be n(5). Let q = -131 + 134. Let y(p) = -q*p + 31*p + 10 - 27*p. Give y(f).
4
Let m(n) = -19*n**2 + 23*n + 81. Let u(v) = -52*v**2 + 67*v + 224. Let a(x) = 11*m(x) - 4*u(x). Suppose 0*z - 45 = 3*z. Determine a(z).
-5
Suppose 3*l = q + 3*q, -5*q = 0. Let i be 56/4 - l/((-2)/2). Suppose -5*y - i = 2*y. Let j(o) = -2*o + 1. What is j(y)?
5
Suppose 0 = 2*n - 4, 0*c = 2*c + 5*n - 14. Let a(v) = -8 + 7 + 21*v**2 - 22*v**c. Let y(z) = 7*z**2 + 3*z - 2. Let h(d) = 6*a(d) + y(d). Calculate h(-6).
10
Let n(t) = -t**3 + 5*t**2 - 2*t - 5. Let g = -17868 + 17870. Determine n(g).
3
Let z(i) = -22 + 2290*i - 1139*i - 1145*i. Determine z(11).
44
Suppose -9*k = 28 - 46. Let j = -23 + 25. Let q(f) = 8*f**2 - 2*f**j - 4*f**k + 4*f + 3 - 4*f**2 - f**3. Determine q(-2).
-5
Let r(s) = s**3 + 4*s**2 - s + 3. Suppose 58 = 2*x - 4*z - 78, -4*z + 382 = 5*x. Suppose 77*y + 12 = x*y. What is r(y)?
7
Let f(u) = 10. Let t(l) = 2*l + 11. Let c(j) = -2*f(j) + 3*t(j). Let r(q) = 5*q + 11. Let x(a) = -4*c(a) + 5*r(a). What is x(-8)?
-5
Let n(b) = -b**2 - 13*b + 4. Suppose -150 = 27*d + 228. What is n(d)?
-10
Let v = -112 - -131. Suppose 14 + v = 11*s. Let k(a) = -3 + 2*a**2 + 3 - a**2 - 1 - 3*a. Determine k(s).
-1
Let o(h) be the second derivative of -33*h + 0*h**2 + 0 - 1/3*h**3. What is o(5)?
-10
Let x(y) = 3*y**3 + y. Let g(s) = -8*s - 12. Let z be 1 - -1 - (12 - 4)/2. Let a be g(z). Suppose -a*t - 8 = -4*i - 5*t, 3*i - 23 = -5*t. Determine x(i).
4
Let v(h) = 151*h - 157*h + 42 - 29. Let k(g) = 13*g - 27. Let w(u) = 4*k(u) + 9*v(u). Calculate w(6).
-3
Let k(a) = 2*a. Suppose 4*t = -0*g - 3*g, 2*t + 3*g = 0. Suppose 3*c = -t + 6. Suppose h = -c*h - 15. Determine k(h).
-10
Suppose 0 = 4*v - 5*v + 17. Let d(r) = -7 - 9*r**2 - v*r + 8*r**2 - 7 - 10. Let n be d(-15). Let f(k) = k**3 - 6*k**2 - k + 4. Determine f(n).
-2
Let z(j) = -3*j - 3*j**2 + 2*j**2 + 6 - 1. Let b(s) = -s**3 + 12*s**2 + 7*s - 24. Let n be b(11). Suppose 0 = -170*i + n*i + 24. Determine z(i).
-13
Let f be 4458/((-12)/(-2))*(-2 + 1). Let m = f + 739. Let g(y) = y**2 + 3*y + 3. What is g(m)?
7
Let z(j) = j + 7. Suppose 1147 = -8*s + 1123. Give z(s).
4
Let n(v) = 5*v - 4 - 4 - 3*v. Suppose 84 = 5*y + 7*y. Determine n(y).
6
Let q(t) be the third derivative of -t**5/60 + t**4/2 + 17*t**3/6 - 275*t**2 - 1. What is q(12)?
17
Suppose 4*j - 9 = -d, 0 = 4*d - 16*j + 20*j. Suppose 20 = 4*r - 16. Let y(z) = 4*z**2 + 2*z**2 - z**3 + 3 - r*z**2 + z. Determine y(d).
0
Let j be (-6)/(-5)*(-40)/(-6). Suppose 0 = 24*h - 48. Let i(g) = 6*g**2 - 371*g + 378*g - 7*g**h. What is i(j)?
-8
Let t(j) = -8*j + 2. Let m(h) = -4*h + 123. Let d be m(25). Suppose -30 + 76 = d*k. Give t(k).
-14
Suppose 3*y - 25 = -t, 237*t - 44 = 233*t - 5*y. Let z(q) = 22*q + 7. Let r(w) = -66*w - 20. Let h(b) = -6*r(b) - 17*z(b). Determine h(t).
23
Let y(v) be the first derivative of -v**2/2 - 2*v - 4. Let k be (-926)/(-11) - 2/11. Let l = k + -88. What is y(l)?
2
Let f(z) = 12*z**3 + 19*z**2 + 3*z - 7. Let s(w) = -5*w**3 - 9*w**2 - 2*w + 3. Let i(t) = -2*f(t) - 5*s(t). Give i(-3).
23
Let p(t) = 103*t - 3015. Let s(i) = 10*i - 292. Let b(o) = -3*p(o) + 31*s(o). Suppose 0 = -5*h - 56 - 24. Let y = 25 + h. Determine b(y).
2
Let x(v) = -5*v**2 - 11 + 5*v**2 - 2*v**3 - 9*v**2 - 9*v + v**3. Suppose 6*u - 3*u = -f + 28, -5*f - 25 = 0. Suppose 0 = u*k - 3*k + 64. Determine x(k).
-3
Let h(y) be the second derivative of y**5/20 - y**4/6 - y**3/2 - 7*y**2/2 - 108*y. Let r be h(3). Let g(l) = 4*l + 6. Determine g(r).
-22
Let v = 39 + -30. Let i be (-25)/1*(v + -10). Suppose -24 = 4*a - m, 2*a + 5*m - i = 3*a. Let t(d) = d**3 + 6*d**2 + 6*d - 2. Determine t(a).
-7
Suppose -2*s + 59 = -3*w, s + 4*w - 52 = -s. Suppose -23*g + 27*g - s = 0. Let c(f) be the first derivative of -f**3/3 + 7*f**2/2 - 4*f - 4. Calculate c(g).
-4
Suppose 4*m + 3*g = -59, 9*g = 4*m - 2*g - 11. Let k(v) = 2*v**2 + 12*v - 15. Give k(m).
95
Let c be (90 + -90)*2/(-18). Let k(x) = -x**3 + 7*x. Calculate k(c).
0
Let d(g) = g**2 + 11*g + 1. Let b = -1258 - -1916. Let u = -668 + b. What is d(u)?
-9
Let p(t) = t**3 - 7*t**2 + 7*t - 6. Let u = 252 - -166. Let i = -412 + u. Calculate p(i).
0
Let d(i) = 19 + 3 - 52 + 28 + 9*i + 29. Give d(-4).
-9
Let y be (-4 + (-130)/(-25))/(30/(-2250)). Let x(m) = m**2 + 89*m - 92. What is x(y)?
-2
Let f = -37 - -37. Suppose u + 3*o - 5 = f, 15 = 3*u - 0*o - 3*o. Suppose u = 3*r - 1. Let x(s) = -2*s**2 - s. Determine x(r).
-10
Let x(s) = -4 + 0*s**2 + 3*s**2 - 2*s**2 - s. Suppose 5*h = -2*q + 5*q - 30, 0 = 3*h. Let r be 2/q*(62 + -77). Calculate x(r).
8
Let a(c) be the second derivative of c**4/12 + 5*c**3/2 + 23*c**2 + 2470*c. Determine a(-12).
10
Let z(m) = -m**3 + 4*m**2 - 3*m. Let v(g) = g + 47. Let q be v(0). Let j = -4 + 48. Let d = q - j. What is z(d)?
0
Let o(l) be the third derivative of l**4/3 - 112*l**3/3 + 804*l**2. Determine o(29).
8
Let y = 118 - 111. Let g(m) = -y - 5*m - 3*m + m**2 + m. Suppose 3*r + 4 - 25 = 0. Give g(r).
-7
Let d = 215 + -225. Let a(s) be the first derivative of -s**2/2 - 10*s + 28. Calculate a(d).
0
Let d(p) = -9*p + 9. Let r(j) = -10 + 20 + 0 - 2 - 10*j. Let u(o) = 3*d(o) - 2*r(o). Give u(2).
-3
Let b(z) = -z**3 + 10*z**2 + 13*z - 8. Let s be b(11). Let d be (-18)/126 - 68/s. Let c(i) = -3*i - 1. Calculate c(d).
14
Let q(h) = -h - 14 - 13 - 12 + 46 - 8. Let o(y) = -y**3 - 6*y**2 + y - 2. Let k be o(-6). What is q(k)?
7
Let k(g) = 8*g - 5. Suppose 47*i = 51*i - 96. Suppose -26*q = n - i*q - 2, -n + 3 = q. Determine k(n).
27
Let c(s) = -9*s**2 - 28*s - 1. Let b(m) = -m**2 - m. Let v(u) = -6*b(u) + c(u). Let h be v(-7). Let k(r) = r - 8. Determine k(h).
-2
Let f(n) = -n**3 - 26*n**2 - 90*n - 13. Suppose -9*r + 79*r + 11*r + 1782 = 0. Determine f(r).
31
Let h(k) = -6*k + 82 - 81 + k**2 + 0*k**2. Suppose -9*v + 7*s = -13*v - 9, -v - 3*s - 6 = 0. Calculate h(v).
-8
Let o(i) = -i**3 - i - 1. Let r(p) = -p**3 + 2*p + 3. Let f(q) = -3*o(q) - r(q). Suppose -7*d + 28*d = 6*d - 15. Calculate f(d).
-5
Let i = 3980 - 3978. Let h(n) be the first derivative of 20 - 1/3*n**3 + 5/2*n**i + 0*n. What is h(4)?
4
Let s = 9 - 2. Let w(b) = s*b + 40 + 0*b**2 + 41 - 85 - b**2. Give w(5).
6
Let r(p) be the first derivative of 2*p**3/3 - 2*p**2 - 4*p - 323. Calculate r(6).
44
Suppose -5*d = 3*n - 19, -42 = -5*n + 5*d - 3*d. Let p(h) = -h - 4 + 0 + 2*h. Let x(o) = -3*o + 11. Let g(w) = n*p(w) + 3*x(w). What is g(2)